{"id":209,"date":"2018-08-16T22:23:32","date_gmt":"2018-08-16T20:23:32","guid":{"rendered":"http:\/\/apcbriere.fr\/?page_id=209"},"modified":"2023-03-29T15:12:43","modified_gmt":"2023-03-29T13:12:43","slug":"documentation","status":"publish","type":"page","link":"https:\/\/apcbriere.fr\/index.php\/documentation\/","title":{"rendered":"Documentation Adh\u00e9rents"},"content":{"rendered":"\n<p>Toutes les pages r\u00e9serv\u00e9es aux adh\u00e9rents de l&rsquo;association sont prot\u00e9g\u00e9es par un mot de passe ,<\/p>\n\n\n\n<p class=\"has-text-align-center\"> <a rel=\"noreferrer noopener\" href=\"https:\/\/apcbriere.fr\/index.php\/adhesion\/\" target=\"_blank\"><strong><em>cliquer ici pour adh\u00e9rer<\/em><\/strong><\/a><\/p>\n","protected":false},"excerpt":{"rendered":"<p>Toutes les pages r\u00e9serv\u00e9es aux adh\u00e9rents de l&rsquo;association sont prot\u00e9g\u00e9es par un mot de passe , cliquer ici pour adh\u00e9rer<\/p>\n","protected":false},"author":1,"featured_media":0,"parent":0,"menu_order":1,"comment_status":"closed","ping_status":"closed","template":"","meta":{"footnotes":""},"class_list":["post-209","page","type-page","status-publish","hentry"],"_links":{"self":[{"href":"https:\/\/apcbriere.fr\/index.php\/wp-json\/wp\/v2\/pages\/209","targetHints":{"allow":["GET"]}}],"collection":[{"href":"https:\/\/apcbriere.fr\/index.php\/wp-json\/wp\/v2\/pages"}],"about":[{"href":"https:\/\/apcbriere.fr\/index.php\/wp-json\/wp\/v2\/types\/page"}],"author":[{"embeddable":true,"href":"https:\/\/apcbriere.fr\/index.php\/wp-json\/wp\/v2\/users\/1"}],"replies":[{"embeddable":true,"href":"https:\/\/apcbriere.fr\/index.php\/wp-json\/wp\/v2\/comments?post=209"}],"version-history":[{"count":286,"href":"https:\/\/apcbriere.fr\/index.php\/wp-json\/wp\/v2\/pages\/209\/revisions"}],"predecessor-version":[{"id":3887,"href":"https:\/\/apcbriere.fr\/index.php\/wp-json\/wp\/v2\/pages\/209\/revisions\/3887"}],"wp:attachment":[{"href":"https:\/\/apcbriere.fr\/index.php\/wp-json\/wp\/v2\/media?parent=209"}],"curies":[{"name":"wp","href":"https:\/\/api.w.org\/{rel}","templated":true}]}}